te the greatest common factor of 76846116 and 27606.
642
Calculate the greatest common divisor of 23107111 and 736.
23
Calculate the highest common factor of 12677 and 41398.
7
Calculate the greatest common divisor of 24059 and 7350761.
491
Calculate the greatest common divisor of 16003134 and 1134.
126
What is the greatest common factor of 247 and 14183923?
13
What is the greatest common divisor of 36 and 83397618?
18
Calculate the greatest common divisor of 45309962 and 126550.
5062
Calculate the greatest common factor of 57 and 86811019.
19
What is the highest common divisor of 764 and 8686871?
191
What is the greatest common divisor of 13430 and 292599410?
13430
What is the highest common factor of 51142 and 8023393?
1967
What is the highest common factor of 2622 and 14898?
6
What is the highest common factor of 1449773 and 676?
13
What is the highest common divisor of 259108511 and 137?
137
Calculate the greatest common factor of 15924 and 88909.
1327
What is the highest common divisor of 2420724 and 81008?
244
What is the greatest common divisor of 242138 and 13066?
278
What is the highest common factor of 646 and 1235954009?
323
What is the highest common divisor of 747570944 and 573?
191
What is the highest common divisor of 133 and 639317?
7
What is the greatest common factor of 18 and 89583702?
6
What is the greatest common divisor of 1516125 and 87945?
195
Calculate the highest common factor of 8800 and 26766400.
800
Calculate the greatest common divisor of 11 and 360912585.
11
Calculate the greatest common factor of 2233 and 123739.
77
What is the greatest common factor of 32311600 and 2525?
25
What is the greatest common divisor of 61869612 and 2659?
2659
What is the greatest common divisor of 338 and 5357911?
13
Calculate the greatest common factor of 600 and 836076.
12
What is the highest common divisor of 11 and 484581779?
11
Calculate the highest common factor of 406164 and 23375.
187
Calculate the highest common factor of 185 and 8913910.
5
Calculate the highest common factor of 17402 and 195307392.
1582
What is the greatest common factor of 126 and 16987782?
42
Calculate the highest common factor of 146509 and 1727.
11
Calculate the highest common factor of 112 and 1295824.
16
Calculate the greatest common divisor of 46816188 and 548.
548
Calculate the greatest common divisor of 2363 and 41480.
17
What is the highest common divisor of 70 and 227137225?
35
What is the greatest common divisor of 27928 and 2088?
8
Calculate the highest common divisor of 9167 and 13230762.
103
Calculate the highest common factor of 5461630 and 354.
118
What is the highest common factor of 36566493 and 158?
79
Calculate the highest common divisor of 107950 and 10630916.
4318
What is the greatest common divisor of 48 and 122427420?
12
What is the greatest common divisor of 599097 and 93636?
867
Calculate the highest common factor of 936 and 27281358.
234
What is the greatest common divisor of 7492301 and 10263?
311
Calculate the highest common factor of 3762 and 46402902.
342
What is the greatest common divisor of 8316 and 108416?
308
Calculate the highest common divisor of 24024 and 16613688.
2184
What is the greatest common divisor of 6132 and 92129212?
2044
Calculate the greatest common divisor of 1042818 and 45.
3
Calculate the highest common factor of 5377 and 300409.
19
Calculate the highest common divisor of 55611 and 194583.
111
What is the greatest common factor of 30857462 and 558?
62
What is the greatest common factor of 1058 and 57374811?
529
Calculate the greatest common divisor of 33290912 and 13749.
4583
Calculate the greatest common factor of 599214 and 78848.
154
Calculate the greatest common factor of 897072 and 12846.
6
Calculate the greatest common divisor of 78693816 and 12.
12
What is the highest common divisor of 2622320 and 880?
80
What is the highest common factor of 1665 and 1077144?
111
Calculate the highest common divisor of 148 and 16654872.
4
Calculate the greatest common factor of 36889 and 1750433.
37
Calculate the highest common divisor of 3735 and 17884485.
45
Calculate the greatest common factor of 1189293 and 56.
7
What is the greatest common divisor of 64 and 69139648?
64
What is the greatest common divisor of 28 and 50551466?
14
What is the highest common divisor of 4770018 and 126720?
198
Calculate the highest common divisor of 2610 and 40936110.
870
Calculate the highest common divisor of 39250350 and 450.
450
What is the greatest common factor of 42 and 6201474?
6
Calculate the highest common factor of 163096 and 208316.
76
What is the greatest common factor of 168396350 and 50?
50
What is the highest common divisor of 73153 and 1735617?
191
What is the greatest common factor of 540286927 and 1555?
311
What is the greatest common factor of 8180 and 21079451?
409
What is the greatest common divisor of 599648 and 52640?
224
What is the greatest common factor of 888984 and 1544?
8
What is the highest common factor of 45 and 309619980?
45
What is the greatest common factor of 403 and 4817800?
13
Calculate the highest common factor of 49230606 and 510.
102
Calculate the highest common factor of 56 and 38031728.
56
Calculate the greatest common factor of 3339814 and 211642.
5162
Calculate the highest common divisor of 63162 and 207042.
66
Calculate the highest common factor of 2 and 706138.
2
What is the highest common factor of 995500 and 24500?
500
What is the highest common factor of 1170 and 1523912?
26
What is the highest common divisor of 611251 and 31115?
127
Calculate the highest common factor of 4568 and 828116732.
2284
Calculate the highest common factor of 11006170 and 385.
35
Calculate the greatest common divisor of 18284 and 1304576.
28
What is the greatest common divisor of 8 and 132282356?
4
What is the highest common factor of 31 and 620857553?
31
Calculate the greatest common divisor of 105460 and 740.
20
What is the greatest common factor of 49601800 and 3682?
526
Calculate the greatest common factor of 10520928 and 324.
324
What is the greatest common divisor of 92 and 37146242?
46
Calculate the highest common divisor of 46318260 and 40.
20
What is the highest common factor of 10209 and 1323603?
123
What is the highest common divisor of 1870201 and 2259?
251
Calculate the highest common divisor of 14353200 and 1728.
432
What is the greatest common divisor of 393153300 and 21500?
4300
What is the highest common divisor of 25080 and 98861560?
760
Calculate the greatest common factor of 277346351 and 184.
23
Calculate the highest common factor of 276 and 17674396.
92
Calculate the greatest common divisor of 9397579 and 70554.
1069
Calculate the greatest common divisor of 7648047 and 12771.
297
What is the highest common divisor of 892 and 637341136?
892
Calculate the highest common divisor of 12020 and 27340.
20
Calculate the highest common factor of 42099768 and 108.
36
What is the greatest common divisor of 182478 and 294?
6
What is the greatest common factor of 227730 and 60?
30
Calculate the greatest common divisor of 59388 and 1758.
6
What is the greatest common factor of 735 and 14001505?
245
What is the highest common divisor of 737730 and 1933321?
1171
Calculate the highest common divisor of 8356300 and 200.
100
What is the greatest common factor of 69706 and 1940666?
182
Calculate the highest common factor of 388 and 511562092.
388
What is the greatest common divisor of 1961 and 1112788?
53
Calculate the greatest common divisor of 53335674 and 378.
126
What is the highest common divisor of 595552 and 11248?
592
What is the greatest common factor of 2269635 and 1992?
249
What is the highest common factor of 1236732 and 27300?
84
What is the highest common factor of 46755 and 458999030?
5195
Calculate the highest common factor of 2963289 and 3066.
1533
What is the greatest common divisor of 69111205 and 460?
115
What is the greatest common divisor of 392082 and 2807598?
606
What is the greatest common factor of 47059404 and 3912?
1956
Calculate the greatest common factor of 168 and 78477.
21
What is the highest common divisor of 1290246 and 63902?
718
What is the highest common factor of 7 and 6317143?
7
Calculate the greatest common factor of 26 and 1933438.
26
Calculate the greatest 